base 12, what is 16 + 1154?
116a
In base 15, what is -19c + -17d?
-32a
In base 6, what is -131250 - 10?
-131300
In base 7, what is 2554463 - 3?
2554460
In base 5, what is -102 - 322311?
-322413
In base 12, what is 4610 - 8?
4604
In base 13, what is c - 11188?
-11179
In base 6, what is -143 - -145?
2
In base 6, what is 1023 + -221223?
-220200
In base 6, what is -454051 - 4?
-454055
In base 4, what is -3001033 - 201?
-3001300
In base 16, what is 177 + -6ad?
-536
In base 4, what is -11113103 - 30?
-11113133
In base 15, what is 2d08 + 33e?
3147
In base 13, what is -a6 + 17a17?
17941
In base 14, what is -44064 + -4?
-44068
In base 5, what is 3 + -101444201?
-101444143
In base 5, what is -113 + 211412?
211244
In base 9, what is -28 - 815?
-844
In base 8, what is 3736 + 565?
4523
In base 4, what is 11122 - 10230?
232
In base 13, what is -1b682 - -5?
-1b67a
In base 14, what is 518 + -111?
407
In base 5, what is 14042 - -40212?
104304
In base 10, what is -1121674 - 3?
-1121677
In base 5, what is 24 - 33440?
-33411
In base 16, what is 15be + -4?
15ba
In base 4, what is 222111122 + -2?
222111120
In base 4, what is -22 + -21332133?
-21332221
In base 7, what is -551 + -321?
-1202
In base 6, what is -20 - -22011?
21551
In base 2, what is 100 - -1100000110100000?
1100000110100100
In base 8, what is -27063 + -13?
-27076
In base 8, what is -16045 + 6?
-16037
In base 16, what is 3e + -45c?
-41e
In base 8, what is -5416744 - 2?
-5416746
In base 8, what is 614724 + -7?
614715
In base 5, what is 342 - 32232?
-31340
In base 14, what is -1 + 2659?
2658
In base 11, what is -1798a3a - -4?
-1798a36
In base 14, what is -c6 - -11b8?
10d2
In base 6, what is -2535223 + 4?
-2535215
In base 11, what is -8 - a9760?
-a9768
In base 13, what is -342 + -394?
-706
In base 14, what is 50d4 + 6?
50da
In base 6, what is 405 + -1433?
-1024
In base 4, what is 1232 + 1310221?
1312113
In base 10, what is -12658 - -15?
-12643
In base 5, what is -3 - -32113412?
32113404
In base 3, what is -101001 - -1102?
-22122
In base 5, what is -12 - -1231210?
1231143
In base 9, what is 3174 - -22?
3206
In base 4, what is 2200202210 - 3?
2200202201
In base 5, what is -11113 + 21143?
10030
In base 11, what is 0 - 197a5?
-197a5
In base 3, what is -101112 - -11102?
-20010
In base 2, what is 1011000100110 - 1011?
1011000011011
In base 4, what is 10300121301 - -3?
10300121310
In base 11, what is 317 + -745?
-429
In base 16, what is -25 - 420b?
-4230
In base 10, what is -376300 + 5?
-376295
In base 14, what is -17c35 - -27?
-17c0c
In base 4, what is -3 + -1321200?
-1321203
In base 4, what is 1130 - -1210022?
1211212
In base 9, what is 1 + 40365?
40366
In base 13, what is -795 + -17?
-7ac
In base 14, what is -53473 + b?
-53466
In base 2, what is 11 - 10110011111011?
-10110011111000
In base 6, what is -4 + -10213?
-10221
In base 10, what is -1179 - 46?
-1225
In base 4, what is -1131211120 + -20?
-1131211200
In base 4, what is 2 + -1223112112?
-1223112110
In base 4, what is -132 + -11312?
-12110
In base 14, what is -4 - -114aa3?
114a9d
In base 9, what is -5 - 165455?
-165461
In base 8, what is -157 + -24?
-203
In base 2, what is -10111011100101 + 101001?
-10111010111100
In base 2, what is 11000001101 - 1011?
11000000010
In base 14, what is -3003c0 - 0?
-3003c0
In base 11, what is -490126 + -3?
-490129
In base 11, what is 5 - -30518?
30522
In base 14, what is 6 + b66?
b6c
In base 9, what is -583 - 42?
-635
In base 7, what is -42545 + 50?
-42465
In base 4, what is -3 - -20110232?
20110223
In base 4, what is -11 - 323321031?
-323321102
In base 10, what is -16385 + 24?
-16361
In base 7, what is 33 - 11362?
-11326
In base 15, what is -8b + -10?
-9b
In base 11, what is -1 + -102221?
-102222
In base 12, what is 4 - -62a7?
62ab
In base 11, what is -194a923 + 5?
-194a919
In base 2, what is 11011111 + 10111010?
110011001
In base 16, what is -b8 - -d1?
19
In base 3, what is -10 - -22221222021?
22221222011
In base 10, what is 2 + -7133?
-7131
In base 2, what is 111110 - 1011000010?
-1010000100
In base 12, what is 0 - -109bb?
109bb
In base 14, what is -85d + -1?
-860
In base 2, what is -11110110000 + -10010011000?
-110001001000
In base 11, what is -68935 + 4?
-68931
In base 2, what is -1101010111101 + 10?
-1101010111011
In base 4, what is 30 - 313220300?
-313220210
In base 13, what is 0 + -2a836?
-2a836
In base 4, what is 13 + -233032103?
-233032030
In base 4, what is 11122 + 110303?
122031
In base 12, what is -aaa8 + -4?
-aab0
In base 15, what is -1039b + -1?
-1039c
In base 8, what is -2 + 2277?
2275
In base 3, what is -1012110011120 + 10?
-1012110011110
In base 7, what is 2012626 + 1?
2012630
In base 4, what is -110110 - 230111?
-1000221
In base 10, what is -5 - 214979?
-214984
In base 12, what is -48 - -1a508?
1a480
In base 13, what is -3335b - -1?
-3335a
In base 6, what is -221 - 2130?
-2351
In base 16, what is 252c7 + 26?
252ed
In base 9, what is -4 - -13711?
13706
In base 13, what is -2a2 - 1768?
-1a3a
In base 4, what is -1001010 - 30?
-1001100
In base 11, what is 6910a - -23?
69132
In base 13, what is 3 + 40968?
4096b
In base 7, what is 4 + -61556?
-61552
In base 8, what is -2 - -31654?
31652
In base 5, what is 2 - -1314343?
1314400
In base 14, what is 14253 - -21?
14274
In base 5, what is -121242 - 2?
-121244
In base 10, what is -1015510 - -4?
-1015506
In base 3, what is 101 - -110111011000?
110111011101
In base 10, what is 11 + -513?
-502
In base 16, what is -5 - 34cc?
-34d1
In base 12, what is -408 - -326?
-a2
In base 11, what is 9a - 210a?
-2020
In base 3, what is 101001202 + 21120?
101100022
In base 13, what is 2 + cbc30?
cbc32
In base 4, what is 1211231010 - -2?
1211231012
In base 15, what is 198d - a?
1983
In base 12, what is 149aab5 - -3?
149aab8
In base 6, what is -113 + 111024?
110511
In base 12, what is a41 + -146?
8b7
In base 8, what is 21 - -2007?
2030
In base 12, what is -13 + -638?
-64b
In base 7, what is -6640 - -35?
-6602
In base 14, what is -3b + 2c?
-d
In base 12, what is -6 - -721?
717
In base 2, what is -10 - -1110011000?
1110010110
In base 15, what is -1c257 - 7?
-1c25e
In base 8, what is 36221 - 6?
36213
In base 7, what is -44441113 + 4?
-44441106
In base 14, what is -36c8 - -4a?
-367c
In base 4, what is -22 - 221222?
-221310
In base 5, what is 4 - 420330?
-420321
In base 15, what is dda4 - -4?
dda8
In base 11, what is 1 - -17a8a?
17a90
In base 3, what is 22022221 + 10?
22100001
In base 12, what is 77b - -48?
807
In base 15, what is 5 + 9825a?
98260
In base 14, what is 5b63b + 5?
5b642
In base 14, what is a + -aaaa?
-aaa0
In base 11, what is -4 - 174a2?
-174a6
In base 12, what is 4bb - 1889?
-138a
In base 13, what is 84781 - -3?
84784
In base 16, what is -2 - fca?
-fcc
In base 8, what is -6554 - 17?
-6573
In base 5, what is -3330 + -23134?
-32014
In base 15, what is 264a2c - -2?
264a2e
In base 2, what is -1000001011010111000 + 1?
-1000001011010110111
In base 11, what is 70 - 6a?
1
In base 9, what is -2 - -733?
731
In base 9, what is 215257 - 5?
215252
In base 7, what is 2 + -152352?
-152350
In base 6, what is -53312 + -25?
-53341
In base 13, what is 226b - -6?
2274
In base 2, what is 10100010001110 - -10011001?
10100100100111
In base 14, what is 679 - -38?
6b3
In base 4, what is 110 - 1022000?
-1021230
In base 9, what is -32016 + 3?
-32013
In base 4, what is 1301 + 312222?
320123
In base 10, what is 1 + 570?
571
In base 10, what is 51 + 389?
440
In base 8, what is -1441500 + -4?
-1441504
In base 16, what is 1f511 - 4?
1f50d
In base 10, what is 24 + -326?
-302
In base 15, what is -8 - -1019?
1011
In base 8, what is -1770 + -40?
-2030
In base 3, what is 10220121 + -2021022?
1122022
In base 9, what is -7107 + 281?
-6716
In base 13, what is 64b - -32?
680
In base 9, what is 1278 + 133?
1422
In base 6, what is 1524 - 514?
1010
In base 3, what is 1 + -1020002201101?
-1020002201100
In base 13, what is 1793 + -767?
1029
In base 16, what is 10 - -7160?
7170
In base 4, what is -1 - -201211?
201210
In base 8, what is 5 - -2574?
2601
In base 13, what is 1 - -a362?
a363
In base 13, what is -4b + 397?
349
In base 9, what is 2 + -6418?
-6416
In base 9, what is -5 + 84244?
84238
In base 11, what is -1704 - 2a4?
-19a8
In base 3, what is -10020 + -1100?
-11120
In base 15, what is -1024 - 9?
-102d
In base 16,